+ 151*b - 66. Give s(-9).
276
Let w(p) = 11581*p - 104293. What is w(9)?
-64
Let s(r) = -2655*r + 207150. Determine s(78).
60
Let a(t) = -288*t**2 - 53*t + 7. Calculate a(-2).
-1039
Let w(y) = -5*y**2 + 1948*y + 15745. Determine w(-8).
-159
Let n(p) = 15601*p + 1185655. Calculate n(-76).
-21
Let v(p) = 4*p**3 - 349*p**2 - 248*p - 1399. Determine v(88).
9
Let j(b) = b**3 + 96*b**2 - 296*b + 9160. Give j(-100).
-1240
Let h(m) = 5*m**2 + 356*m - 2755. What is h(7)?
-18
Let y(j) = -2*j**2 + 1847*j + 59247. Give y(-31).
68
Let a(f) = -339885*f - 2039221. Give a(-6).
89
Let u(f) = f**3 - 55*f**2 - 44*f - 672. What is u(56)?
0
Let p(l) = -13311*l - 493143. Calculate p(-37).
-636
Let p(x) = 289580*x + 13031107. Determine p(-45).
7
Let q(t) = 2*t**2 - 305*t - 5267. Calculate q(-16).
125
Let f(p) = -16876*p - 1586360. What is f(-94)?
-16
Let t(n) = -2283*n + 4629. What is t(3)?
-2220
Let q(r) = 2013*r + 448883. Give q(-223).
-16
Let w(f) = f**3 + 197*f**2 - 2460*f + 10048. Determine w(-209).
16
Let w(r) = -8717*r - 610593. Give w(-70).
-403
Let r(t) = t**2 - 24289*t + 145687. What is r(6)?
-11
Let h(y) = -12*y**2 + 461*y + 2733. What is h(-6)?
-465
Let o(w) = -189184*w + 5297157. Give o(28).
5
Let x(u) = -2*u**2 - 462*u - 16762. What is x(-186)?
-22
Let q(g) = 2295*g - 119370. What is q(52)?
-30
Let f(m) = 1924*m - 78935. What is f(41)?
-51
Let w(a) = 562*a + 193274. What is w(-344)?
-54
Let c(s) = 3*s**3 - 15*s**2 + 27*s - 268. Calculate c(10).
1502
Let j(a) = 2*a**2 - 9321*a - 490085. Calculate j(-52).
15
Let k(s) = 512*s - 89043. Give k(175).
557
Let c(j) = j**3 - 846*j**2 + 9136*j + 40950. What is c(835)?
35
Let p(w) = 751*w + 14506. Give p(-20).
-514
Let h(y) = 3518*y**2 + 21404*y + 1783. Calculate h(-6).
7
Let o(x) = 46*x**2 + 180*x + 113. Determine o(-4).
129
Let b(d) = 3*d**2 - 203*d - 64. Determine b(69).
212
Let u(z) = -42*z**2 + 2226*z + 2225. Calculate u(-1).
-43
Let s(w) = 7*w**3 + 105*w**2 + 420*w + 8523. Calculate s(-16).
11
Let t(o) = -2*o**3 - 76*o**2 - 27*o + 1753. Determine t(-37).
14
Let v(z) = -z**3 - 70*z**2 - 477*z + 4266. Calculate v(-61).
-126
Let n(a) = 22*a**3 + 1705*a**2 - 859*a - 76. Calculate n(-78).
2
Let c(n) = -989*n - 115108. What is c(-116)?
-384
Let x(h) = 5*h**2 + 233*h - 359. Determine x(-48).
-23
Let l(r) = r**3 - 545*r**2 + 28219*r + 13154. What is l(487)?
5
Let v(p) = -2*p**3 - 15*p**2 + 55*p + 278. Calculate v(-7).
-156
Let p(r) = 2606*r - 72991. What is p(28)?
-23
Let q(t) = -t**3 + 8*t**2 + 62*t - 795. Give q(11).
-476
Let v(l) = 3*l**2 - 14150*l - 2009832. Give v(-138).
0
Let d(m) = -2*m**3 - 381*m**2 - 143*m - 138051. Determine d(-192).
-3
Let x(r) = 8834*r - 424026. Determine x(48).
6
Let d(y) = 40*y**3 - 9*y**2 + 18*y + 74. Calculate d(-3).
-1141
Let m(y) = y**3 + 437*y**2 - 437*y + 402. Determine m(-438).
-36
Let d(k) = 2605*k - 7808. What is d(3)?
7
Let x(n) = 1259*n + 149810. What is x(-119)?
-11
Let x(j) = -j**3 - 139*j**2 - 2169*j + 134. Calculate x(-19).
-1975
Let a(j) = 4204*j - 794528. Determine a(189).
28
Let w(j) = 2*j**3 + 1623*j**2 + 848*j + 30013. What is w(-811)?
6
Let y(m) = -m**3 + 100*m**2 + 170*m + 3466. Calculate y(102).
-2
Let k(r) = -289*r - 15335. What is k(-53)?
-18
Let w(z) = -2570*z + 174767. Calculate w(68).
7
Let b(r) = 6341*r + 107791. Calculate b(-17).
-6
Let u(p) = p**2 + 53*p + 586. Determine u(-33).
-74
Let s(b) = -3701*b + 37116. What is s(10)?
106
Let d(h) = -30*h**2 - 15557*h - 182360. Determine d(-12).
4
Let p(r) = -121*r - 3284. What is p(-25)?
-259
Let w(a) = a**3 - 410*a**2 - 2332*a + 106651. Give w(415).
-4
Let m(a) = -2*a**2 + 1046*a + 346357. Calculate m(753).
-23
Let t(x) = -3*x**3 + 540*x**2 - 2092*x - 3725. Give t(176).
-205
Let u(c) = -8473*c - 254175. Calculate u(-30).
15
Let o(p) = -3*p**3 - 90*p**2 + 18*p + 448. What is o(-30)?
-92
Let q(l) = 133*l + 1582. Determine q(-10).
252
Let w(s) = -2*s**2 + 1021*s - 7992. Calculate w(8).
48
Let v(c) = 239*c + 18977. Give v(-76).
813
Let h(o) = 3*o**2 + 403*o + 178. Calculate h(-133).
-354
Let u(h) = h**3 - 24*h**2 + 109*h - 285. Calculate u(19).
-19
Let y(k) = 2126823*k + 17014587. Give y(-8).
3
Let d(g) = -84*g - 1079. Calculate d(-24).
937
Let d(l) = l**3 - 136*l**2 + 14*l - 2044. Determine d(136).
-140
Let d(t) = -417*t**2 - 1721*t - 156. What is d(-4)?
56
Let l(h) = 3032*h + 24300. What is l(-8)?
44
Let y(d) = 13625*d - 6321956. Give y(464).
44
Let b(x) = 3216*x + 5338565. Determine b(-1660).
5
Let b(o) = 2*o**3 - 15*o**2 - 1974*o - 2806. What is b(36)?
2
Let u(j) = 6849*j + 40993. Calculate u(-6).
-101
Let n(p) = 6*p**3 - 156*p**2 - 26*p + 691. What is n(26)?
15
Let p(x) = -3072*x - 5947. Give p(-2).
197
Let i(z) = 4*z**2 - 214*z + 457. Give i(52).
145
Let u(p) = 9*p**2 - 2205*p - 77023. Determine u(276).
-19
Let n(q) = 499*q + 9127. Determine n(-18).
145
Let s(q) = 4*q**3 + 608*q**2 + 30*q + 4220. What is s(-152)?
-340
Let l(k) = k**3 + 28*k**2 - 300*k + 1031. Give l(-37).
-190
Let x(s) = 81*s - 17821. What is x(223)?
242
Let h(a) = -624*a - 424347. Calculate h(-680).
-27
Let a(k) = k**3 - 6*k**2 + 157*k + 1717. Calculate a(-7).
-19
Let i(m) = -15*m**3 - 699*m**2 + 1416*m - 16. Calculate i(2).
-100
Let x(o) = -18*o**2 - 377*o + 98. Calculate x(-21).
77
Let o(u) = u**3 + 41*u**2 - 968*u + 1034. Calculate o(-58).
-10
Let t(s) = s**2 + 41*s - 32497. What is t(159)?
-697
Let w(x) = -30*x**2 - 38*x + 10117. What is w(-19)?
9
Let o(j) = j**3 + 272*j**2 + 3613*j - 16. Calculate o(-14).
-30
Let b(c) = -12*c**3 + 2185*c**2 - 188*c + 1281. Calculate b(182).
189
Let z(c) = -c**2 + 275326*c - 825972. What is z(3)?
-3
Let v(h) = -h**2 - 134*h + 7328. Determine v(-176).
-64
Let j(z) = -9574*z - 813781. What is j(-85)?
9
Let o(q) = -q**3 + 21*q**2 - 118*q + 92. What is o(13)?
-90
Let n(k) = -1948*k + 15467. What is n(8)?
-117
Let b(u) = 27*u**2 - 4661*u - 23269. Calculate b(-5).
711
Let u(h) = 133804*h - 802880. Calculate u(6).
-56
Let i(f) = 1213*f - 75784. What is i(63)?
635
Let k(q) = 1990*q - 80264. Give k(40).
-664
Let g(z) = -98694*z - 690845. Give g(-7).
13
Let u(p) = -14161*p + 155735. Determine u(11).
-36
Let v(f) = 3347*f - 73297. Determine v(22).
337
Let f(c) = 2*c**3 + 170*c**2 + 2679*c - 579. Give f(-64).
-3
Let f(z) = 2*z**3 - 409*z**2 - 370*z + 33767. Calculate f(205).
-58
Let f(n) = -n**3 + 341*n**2 - 3649*n + 203. Determine f(11).
-6
Let z(l) = -11*l**3 + 19623*l**2 + 19626*l - 1. Calculate z(-1).
7
Let v(k) = -2*k**3 + 297*k**2 + 167*k - 2282. What is v(149)?
400
Let m(y) = 426*y**2 + 37070*y + 680. Determine m(-87).
-16
Let n(c) = -c**3 + 154*c**2 - 3717*c + 23794. What is n(126)?
-20
Let g(p) = p**2 - 2035*p + 169474. Give g(87).
-2
Let g(s) = 5*s**3 - 98*s**2 + 5*s + 385. Determine g(21).
3577
Let r(z) = -53353*z - 52544. Determine r(-1).
809
Let q(p) = -3*p**3 - 1573*p**2 - 515*p + 5158. Calculate q(-524).
442
Let f(b) = 4*b**3 + 440*b**2 - 11*b - 1127. What is f(-110)?
83
Let j(n) = 6*n**3 - 167*n**2 - 5409*n + 124. Determine j(47).
-64
Let c(a) = -9568*a - 5444181. Determine c(-569).
11
Let v(o) = 183*o**2 + 29401*o + 88205. What is v(-3)?
1649
Let m(v) = -2448*v + 12256. Determine m(5).
16
Let z(c) = 7*c**2 - 691*c + 475. Determine z(98).
-15
Let s(f) = -44380*f - 177522. Calculate s(-4).
-2
Let m(g) = 46*g - 391. Determine m(5).
-161
Let v(s) = -31423*s - 502760. Give v(-16).
8
Let s(n) = -368*n**2 + 5534*n - 212. Calculate s(15).
-2
Let z(h) = -h**3 - 43*h**2 + 3540*h + 1263. Determine z(42).
3
Let r(o) = 25*o**2 - 330*o - 22. Calculate r(10).
-822
Let l(z) = 108*z - 241. What is l(-1)?
-349
Let j(x) = 2833*x - 3480. Give j(1).
-647
Let l(r) = 4*r**3 - 343*r**2 + 458*r - 17230. Calculate l(85).
25
Let i(n) = -174*n**2 + 138854*n - 1592. Determine i(798).
4
Let n(w) = 1361*w - 14958. Calculate n(10).
-1348
Let l(k) = -1812*k - 12589. What is l(-7)?
95
Let o(f) = -8*f**3 - 74*f**2 - 95*f - 26. Give o(-1).
3
Let r(g) = g**3 - 34*g**2 + 25*g - 3204. Give r(27).
-7632
Let k(b) = b**3 - 126*b**2 + 894*b + 18557. What is k(117)?
-46
Let f(l) = 8363*l + 8031. Calculate f(-1).
-332
Let a(r) = 22069*r + 2471645. Give a(-112).
-83
Let b(p) = 115*p + 10456. Determine b(-91).
-9
Let p(o) = -725*o**3 + 148*o**2 + 3*o. What is p(1)?
-574
Let a(g) = 6066*g + 351829. Calculate a(-58).
1
Let b(d) = -d**3 + 148*d